{"id":87,"date":"2024-07-24T13:19:08","date_gmt":"2024-07-24T16:19:08","guid":{"rendered":"https:\/\/soma.srv.br\/?page_id=87"},"modified":"2025-07-18T18:44:08","modified_gmt":"2025-07-18T21:44:08","slug":"governanca-corporativa","status":"publish","type":"page","link":"https:\/\/soma.srv.br\/index.php\/governanca-corporativa\/","title":{"rendered":"GOVERNAN\u00c7A CORPORATIVA"},"content":{"rendered":"\t\t<div data-elementor-type=\"wp-page\" data-elementor-id=\"87\" class=\"elementor elementor-87\">\n\t\t\t\t<div class=\"elementor-element elementor-element-b0b8685 e-flex e-con-boxed e-con e-parent\" data-id=\"b0b8685\" data-element_type=\"container\" data-e-type=\"container\">\n\t\t\t\t\t<div class=\"e-con-inner\">\n\t\t\t\t<div class=\"elementor-element elementor-element-5004203 elementor-widget elementor-widget-spacer\" data-id=\"5004203\" data-element_type=\"widget\" data-e-type=\"widget\" data-widget_type=\"spacer.default\">\n\t\t\t\t<div class=\"elementor-widget-container\">\n\t\t\t\t\t\t\t<div class=\"elementor-spacer\">\n\t\t\t<div class=\"elementor-spacer-inner\"><\/div>\n\t\t<\/div>\n\t\t\t\t\t\t<\/div>\n\t\t\t\t<\/div>\n\t\t\t\t\t<\/div>\n\t\t\t\t<\/div>\n\t\t<div class=\"elementor-element elementor-element-5dd9453 e-flex e-con-boxed e-con e-parent\" data-id=\"5dd9453\" data-element_type=\"container\" data-e-type=\"container\">\n\t\t\t\t\t<div class=\"e-con-inner\">\n\t\t\t\t<div class=\"elementor-element elementor-element-6f202cb elementor-widget elementor-widget-heading\" data-id=\"6f202cb\" data-element_type=\"widget\" data-e-type=\"widget\" data-widget_type=\"heading.default\">\n\t\t\t\t<div class=\"elementor-widget-container\">\n\t\t\t\t\t<h2 class=\"elementor-heading-title elementor-size-default\">Governan\u00e7a Corporativa<\/h2>\t\t\t\t<\/div>\n\t\t\t\t<\/div>\n\t\t\t\t<div class=\"elementor-element elementor-element-d090abb elementor-widget elementor-widget-text-editor\" data-id=\"d090abb\" data-element_type=\"widget\" data-e-type=\"widget\" data-widget_type=\"text-editor.default\">\n\t\t\t\t<div class=\"elementor-widget-container\">\n\t\t\t\t\t\t\t\t\t<p>Com foco no desenvolvimento e longevidade dos neg\u00f3cios, a SOMA SOLUTIONS atua nas quest\u00f5es centrais da governan\u00e7a, compreendendo a maturidade de gest\u00e3o da empresa.<\/p>\t\t\t\t\t\t\t\t<\/div>\n\t\t\t\t<\/div>\n\t\t\t\t<div class=\"elementor-element elementor-element-0165e3b elementor-widget elementor-widget-heading\" data-id=\"0165e3b\" data-element_type=\"widget\" data-e-type=\"widget\" data-widget_type=\"heading.default\">\n\t\t\t\t<div class=\"elementor-widget-container\">\n\t\t\t\t\t<h2 class=\"elementor-heading-title elementor-size-default\">Diagn\u00f3stico de Governan\u00e7a Corporativa<\/h2>\t\t\t\t<\/div>\n\t\t\t\t<\/div>\n\t\t<div class=\"elementor-element elementor-element-11b736c e-con-full e-flex e-con e-child\" data-id=\"11b736c\" data-element_type=\"container\" data-e-type=\"container\">\n\t\t\t\t<div class=\"elementor-element elementor-element-289dffd elementor-widget elementor-widget-text-editor\" data-id=\"289dffd\" data-element_type=\"widget\" data-e-type=\"widget\" data-widget_type=\"text-editor.default\">\n\t\t\t\t<div class=\"elementor-widget-container\">\n\t\t\t\t\t\t\t\t\t<p>O diagn\u00f3stico realizado pela consultoria tem o objetivo de mapear o contexto e os desafios da empresa com rela\u00e7\u00e3o \u00e0s pr\u00e1ticas recomendadas pela Governan\u00e7a Corporativa.<\/p><p>S\u00e3o avaliados aspectos como estrutura, pol\u00edticas, processos e mapeadas as \u00e1reas de maior fragilidade e exposi\u00e7\u00e3o \u00e0 risco. Ap\u00f3s a identifica\u00e7\u00e3o do n\u00edvel de maturidade da Governan\u00e7a Corporativa, a SOMA SOLUTIONS auxilia no direcionamento de qual o modelo de governan\u00e7a recomendado, com foco nos pontos que podem estar impactando o crescimento e melhor desempenho dos neg\u00f3cios.<\/p><p>Com o diagn\u00f3stico \u00e9 poss\u00edvel saber qual o grau de ader\u00eancia da sua empresa \u00e0s recomenda\u00e7\u00f5es da Governan\u00e7a Corporativa, e priorizar as pr\u00e1ticas mais indicadas para o seu neg\u00f3cio, a fim de melhorar a qualidade da gest\u00e3o (governabilidade), preservar e otimizar o valor do patrim\u00f4nio e garantir a longevidade da sua empresa.<\/p>\t\t\t\t\t\t\t\t<\/div>\n\t\t\t\t<\/div>\n\t\t\t\t<div class=\"elementor-element elementor-element-d49d6d9 elementor-widget elementor-widget-heading\" data-id=\"d49d6d9\" data-element_type=\"widget\" data-e-type=\"widget\" data-widget_type=\"heading.default\">\n\t\t\t\t<div class=\"elementor-widget-container\">\n\t\t\t\t\t<h2 class=\"elementor-heading-title elementor-size-default\">Implanta\u00e7\u00e3o das Pr\u00e1ticas de Governan\u00e7a<\/h2>\t\t\t\t<\/div>\n\t\t\t\t<\/div>\n\t\t\t\t<div class=\"elementor-element elementor-element-aa0aef6 elementor-widget elementor-widget-text-editor\" data-id=\"aa0aef6\" data-element_type=\"widget\" data-e-type=\"widget\" data-widget_type=\"text-editor.default\">\n\t\t\t\t<div class=\"elementor-widget-container\">\n\t\t\t\t\t\t\t\t\t<p>A Governan\u00e7a Corporativa \u00e9 um conjunto de pr\u00e1ticas e instrumentos que trazem maior credibilidade \u00e0 empresa perante o mercado e garantem longevidade para os neg\u00f3cios.<\/p><p>Essas pr\u00e1ticas s\u00e3o imprescind\u00edveis para qualquer empresa e n\u00e3o se restringem apenas \u00e0s grandes organiza\u00e7\u00f5es, institui\u00e7\u00f5es p\u00fablicas ou de capital aberto. Sejam empresas em fase inicial ou j\u00e1 consolidadas, grandes ou pequenas, startups ou scale ups, familiares ou n\u00e3o familiares, todas se beneficiam com a implanta\u00e7\u00e3o da Governan\u00e7a Corporativa.<\/p><p>A SOMA SOLUTIONS analisa os benef\u00edcios, riscos e custos para a implanta\u00e7\u00e3o da governan\u00e7a e, ent\u00e3o, atua no desenvolvimento de um conjunto de pr\u00e1ticas, regras e instrumentos adequados ao perfil da sua empresa. Entre os aspectos considerados est\u00e3o:<\/p><ul><li>Separa\u00e7\u00e3o das dimens\u00f5es Fam\u00edlia, Propriedade e Neg\u00f3cio;<\/li><li>Implanta\u00e7\u00e3o da estrutura de governan\u00e7a;<\/li><li>Elabora\u00e7\u00e3o dos instrumentos de governan\u00e7a;<\/li><li>Alinhamento entre s\u00f3cios e gestores;<\/li><li>Orienta\u00e7\u00e3o estrat\u00e9gica para os neg\u00f3cios;<\/li><li>Desenho do modelo de gest\u00e3o e cria\u00e7\u00e3o dos f\u00f3runs de monitoramento; e<\/li><li>Gest\u00e3o de riscos e compliance.<\/li><\/ul><p>Uma boa Governan\u00e7a Corporativa \u00e9 capaz de definir uma estrutura que assegure a perenidade dos neg\u00f3cios. Quando adequada, a estrutura de governan\u00e7a promove o aumento da confian\u00e7a entre investidores e partes interessadas (stakeholders), traz agilidade e melhoria para os processos de decis\u00e3o e uso eficiente do capital.<\/p><p>Ela deve contemplar pap\u00e9is, responsabilidades e deveres claramente definidos, possibilitar uma comunica\u00e7\u00e3o r\u00e1pida e transparente, fluxo de informa\u00e7\u00f5es estruturado, presta\u00e7\u00e3o de contas, controle sobre os riscos, disciplina e autonomia para \u00f3rg\u00e3os de governan\u00e7a dentro dos limites de al\u00e7adas.<\/p><p>Tudo isso de maneira pr\u00e1tica e eficaz, sem modismos ou processos engessados e burocr\u00e1ticos. O objetivo \u00e9 equipar sua empresa com pr\u00e1ticas que promovam a governabilidade dos neg\u00f3cios, considerando as melhores pr\u00e1ticas de mercado e o alinhamento com os objetivos estrat\u00e9gicos e n\u00edvel de maturidade da gest\u00e3o.<\/p>\t\t\t\t\t\t\t\t<\/div>\n\t\t\t\t<\/div>\n\t\t\t\t<div class=\"elementor-element elementor-element-e98ef04 elementor-widget elementor-widget-heading\" data-id=\"e98ef04\" data-element_type=\"widget\" data-e-type=\"widget\" data-widget_type=\"heading.default\">\n\t\t\t\t<div class=\"elementor-widget-container\">\n\t\t\t\t\t<h2 class=\"elementor-heading-title elementor-size-default\">Conselho de Administra\u00e7\u00e3o e Consultivo<\/h2>\t\t\t\t<\/div>\n\t\t\t\t<\/div>\n\t\t\t\t<div class=\"elementor-element elementor-element-7b35911 elementor-widget elementor-widget-text-editor\" data-id=\"7b35911\" data-element_type=\"widget\" data-e-type=\"widget\" data-widget_type=\"text-editor.default\">\n\t\t\t\t<div class=\"elementor-widget-container\">\n\t\t\t\t\t\t\t\t\t<p>A implanta\u00e7\u00e3o das pr\u00e1ticas de Governan\u00e7a Corporativa \u00e9 um salto importante no desenvolvimento de toda empresa. Dentre os mecanismos existentes, a cria\u00e7\u00e3o de um Conselho de Administra\u00e7\u00e3o, devidamente estruturado e com a expertise requerida pelos neg\u00f3cios, contribui decisivamente para a profissionaliza\u00e7\u00e3o da gest\u00e3o e perenidade dos neg\u00f3cios.<\/p><p>O Conselho de Administra\u00e7\u00e3o \u00e9 o \u00f3rg\u00e3o respons\u00e1vel por definir o direcionamento estrat\u00e9gico da empresa, estabelecer e validar pol\u00edticas corporativas, aprovar e monitorar quest\u00f5es estrat\u00e9gicas da gest\u00e3o executiva, bem como assegurar a gest\u00e3o respons\u00e1vel das opera\u00e7\u00f5es e a exist\u00eancia de um ambiente eficaz de controle interno \u2013 ele \u00e9 o guardi\u00e3o das pr\u00e1ticas de governan\u00e7a.<\/p><p>Empresas que preferem um processo gradual de implementa\u00e7\u00e3o das pr\u00e1ticas de governan\u00e7a, podem recorrer \u00e0 cria\u00e7\u00e3o de um Conselho Consultivo, sem fun\u00e7\u00e3o deliberativa, no qual, muitas vezes, participam profissionais com fun\u00e7\u00f5es acumuladas de gestores, acionistas e conselheiros na empresa. O Conselho Consultivo apenas aconselha, emite pareceres e prop\u00f5e diretrizes que ser\u00e3o aceitas ou n\u00e3o por s\u00f3cios e gestores. Ap\u00f3s o per\u00edodo de amadurecimento, o Conselho de Administra\u00e7\u00e3o pode ser formalizado e assumir sua fun\u00e7\u00e3o deliberativa.<\/p><p>Ter uma gest\u00e3o estrat\u00e9gica sistematizada e transparente dos neg\u00f3cios, assim como um modelo de monitoramento e controle eficaz, s\u00e3o alguns dos benef\u00edcios da exist\u00eancia desse \u00f3rg\u00e3o na estrutura de governan\u00e7a. A consultoria auxilia a sua empresa na cria\u00e7\u00e3o e formaliza\u00e7\u00e3o de um Conselho de Administra\u00e7\u00e3o ou Conselho Consultivo, compreendendo as necessidades do seu neg\u00f3cio e propondo uma estrutura alinhada com as pr\u00e1ticas de mercado.\u00a0<\/p>\t\t\t\t\t\t\t\t<\/div>\n\t\t\t\t<\/div>\n\t\t\t\t<div class=\"elementor-element elementor-element-9cf445b elementor-widget elementor-widget-heading\" data-id=\"9cf445b\" data-element_type=\"widget\" data-e-type=\"widget\" data-widget_type=\"heading.default\">\n\t\t\t\t<div class=\"elementor-widget-container\">\n\t\t\t\t\t<h2 class=\"elementor-heading-title elementor-size-default\">Planejamento Societ\u00e1rio<\/h2>\t\t\t\t<\/div>\n\t\t\t\t<\/div>\n\t\t\t\t<div class=\"elementor-element elementor-element-811db4c elementor-widget elementor-widget-text-editor\" data-id=\"811db4c\" data-element_type=\"widget\" data-e-type=\"widget\" data-widget_type=\"text-editor.default\">\n\t\t\t\t<div class=\"elementor-widget-container\">\n\t\t\t\t\t\t\t\t\t<p>Seja na constitui\u00e7\u00e3o de um neg\u00f3cio ou durante seu ciclo de vida, o Planejamento Societ\u00e1rio \u00e9, aliado a outras pr\u00e1ticas de Governan\u00e7a Corporativa, um alicerce para a empresa.<\/p><p>Atualmente, diferentes estrat\u00e9gias de reorganiza\u00e7\u00e3o societ\u00e1ria v\u00eam sendo adotadas (transforma\u00e7\u00e3o, fus\u00e3o, aquisi\u00e7\u00e3o, incorpora\u00e7\u00e3o ou cis\u00e3o) para os neg\u00f3cios se adaptarem \u00e0s necessidades do mercado. Sociedades possibilitam maior seguran\u00e7a jur\u00eddica, um tratamento cont\u00e1bil adequado e uma condi\u00e7\u00e3o tribut\u00e1ria diferenciada (relacionada \u00e0s atividades operacionais e \u00e0 forma\u00e7\u00e3o dos neg\u00f3cios).<\/p><p>O Planejamento Societ\u00e1rio oferece ainda mais seguran\u00e7a na gest\u00e3o do patrim\u00f4nio e viabiliza a realiza\u00e7\u00e3o de parcerias e alian\u00e7as estrat\u00e9gicas, reduz conflitos e traz disciplina para uma administra\u00e7\u00e3o saud\u00e1vel da sociedade, explorando oportunidades e protegendo os interesses e bens dos s\u00f3cios.<\/p><p>O Planejamento Societ\u00e1rio deve ser elaborado de maneira criteriosa, levando em considera\u00e7\u00e3o o tipo de sociedade, a composi\u00e7\u00e3o acion\u00e1ria ou societ\u00e1ria da empresa, estrat\u00e9gias de mercado e modelo de gest\u00e3o. Assim, ele contribuir\u00e1 para o desenvolvimento e a perenidade do neg\u00f3cio com uma base, tanto patrimonial como jur\u00eddica, s\u00f3lida e estruturada.<\/p>\t\t\t\t\t\t\t\t<\/div>\n\t\t\t\t<\/div>\n\t\t\t\t<div class=\"elementor-element elementor-element-1e4cd86 elementor-widget elementor-widget-heading\" data-id=\"1e4cd86\" data-element_type=\"widget\" data-e-type=\"widget\" data-widget_type=\"heading.default\">\n\t\t\t\t<div class=\"elementor-widget-container\">\n\t\t\t\t\t<h2 class=\"elementor-heading-title elementor-size-default\">Prote\u00e7\u00e3o Patrimonial<\/h2>\t\t\t\t<\/div>\n\t\t\t\t<\/div>\n\t\t\t\t<div class=\"elementor-element elementor-element-055310e elementor-widget elementor-widget-text-editor\" data-id=\"055310e\" data-element_type=\"widget\" data-e-type=\"widget\" data-widget_type=\"text-editor.default\">\n\t\t\t\t<div class=\"elementor-widget-container\">\n\t\t\t\t\t\t\t\t\t<p>A Prote\u00e7\u00e3o Patrimonial consiste na constitui\u00e7\u00e3o, legal e preventiva, de estruturas societ\u00e1rias que evitam riscos patrimoniais, oriundos tanto de rela\u00e7\u00f5es pessoais (sociedade ou fam\u00edlia) como da pr\u00f3pria atividade econ\u00f4mica da empresa (impacto fiscal, tribut\u00e1rio ou reclamat\u00f3rias trabalhistas).<\/p><p>A consultoria indica, com base nas pr\u00e1ticas de Governan\u00e7a Corporativa, o uso de recursos jur\u00eddicos que permitem a blindagem do patrim\u00f4nio, seja pessoa f\u00edsica ou jur\u00eddica, com o objetivo de proteger bens e interesses dos s\u00f3cios e seus familiares, evitando uma poss\u00edvel confus\u00e3o patrimonial que traga vulnerabilidade para s\u00f3cios e empresa.<\/p><p>O processo compreende uma an\u00e1lise do direito de fam\u00edlia, trabalhista, tribut\u00e1rio, banc\u00e1rio e civil, visando sempre a redu\u00e7\u00e3o da exposi\u00e7\u00e3o do patrim\u00f4nio \u00e0 fatores de risco de perda, garantindo sua preserva\u00e7\u00e3o.<\/p><p>Pr\u00e1ticas como a constitui\u00e7\u00e3o de holdings e planejamento sucess\u00f3rio s\u00e3o analisadas para cada situa\u00e7\u00e3o, onde a solu\u00e7\u00e3o mais adequada \u00e0 caracter\u00edstica dos neg\u00f3cios ser\u00e1 elaborada pela SOMA SOLUTIONS.<\/p>\t\t\t\t\t\t\t\t<\/div>\n\t\t\t\t<\/div>\n\t\t\t\t<div class=\"elementor-element elementor-element-f2202ec elementor-widget elementor-widget-heading\" data-id=\"f2202ec\" data-element_type=\"widget\" data-e-type=\"widget\" data-widget_type=\"heading.default\">\n\t\t\t\t<div class=\"elementor-widget-container\">\n\t\t\t\t\t<h2 class=\"elementor-heading-title elementor-size-default\">Estrutura\u00e7\u00e3o de Family Office<\/h2>\t\t\t\t<\/div>\n\t\t\t\t<\/div>\n\t\t\t\t<div class=\"elementor-element elementor-element-99e22a8 elementor-widget elementor-widget-text-editor\" data-id=\"99e22a8\" data-element_type=\"widget\" data-e-type=\"widget\" data-widget_type=\"text-editor.default\">\n\t\t\t\t<div class=\"elementor-widget-container\">\n\t\t\t\t\t\t\t\t\t<p>Family Office \u00e9 um servi\u00e7o especializado da SOMA SOLUTIONS de assessoria completa para fam\u00edlias propriet\u00e1rias de grandes neg\u00f3cios ou com muitos bens. Ele contempla an\u00e1lise e gest\u00e3o profissional do patrim\u00f4nio, planejamento tribut\u00e1rio e planejamento sucess\u00f3rio, assessorando a fam\u00edlia nas \u00e1reas jur\u00eddica, financeira, cont\u00e1bil, fiscal e de investimentos.<\/p><p>Um dos principais objetivos da SOMA SOLUTIONS \u00e9 garantir tranquilidade, seguran\u00e7a e liberdade para a fam\u00edlia e assegurar a seus membros um resguardo patrimonial. Al\u00e9m da organiza\u00e7\u00e3o financeira e gerenciamento do patrim\u00f4nio, o Family Office atua auxiliando na tomada de decis\u00f5es e profissionalizando a gest\u00e3o de riquezas.<\/p><p>A estrutura\u00e7\u00e3o do Family Office tamb\u00e9m gera uma economia relevante em custos, uma vez que aconselha e prop\u00f5e melhores alternativas para a gest\u00e3o dos ativos e investimentos. Ele pode ser estruturado exclusivamente para uma \u00fanica fam\u00edlia, a fim de atender a todas as suas necessidades (Single Family Office), ou um servi\u00e7o padr\u00e3o que atende duas ou mais fam\u00edlias (Multi-family Office).<\/p>\t\t\t\t\t\t\t\t<\/div>\n\t\t\t\t<\/div>\n\t\t\t\t<\/div>\n\t\t\t\t\t<\/div>\n\t\t\t\t<\/div>\n\t\t\t\t<\/div>\n\t\t","protected":false},"excerpt":{"rendered":"<p>Governan\u00e7a Corporativa Com foco no desenvolvimento e longevidade dos neg\u00f3cios, a SOMA SOLUTIONS atua nas quest\u00f5es centrais da governan\u00e7a, compreendendo a maturidade de gest\u00e3o da empresa. Diagn\u00f3stico de Governan\u00e7a Corporativa O diagn\u00f3stico realizado pela consultoria tem o objetivo de mapear o contexto e os desafios da empresa com rela\u00e7\u00e3o \u00e0s pr\u00e1ticas recomendadas pela Governan\u00e7a Corporativa. [&hellip;]<\/p>\n","protected":false},"author":1,"featured_media":0,"parent":0,"menu_order":0,"comment_status":"closed","ping_status":"closed","template":"elementor_header_footer","meta":{"ocean_post_layout":"","ocean_both_sidebars_style":"","ocean_both_sidebars_content_width":0,"ocean_both_sidebars_sidebars_width":0,"ocean_sidebar":"","ocean_second_sidebar":"","ocean_disable_margins":"enable","ocean_add_body_class":"","ocean_shortcode_before_top_bar":"","ocean_shortcode_after_top_bar":"","ocean_shortcode_before_header":"","ocean_shortcode_after_header":"","ocean_has_shortcode":"","ocean_shortcode_after_title":"","ocean_shortcode_before_footer_widgets":"","ocean_shortcode_after_footer_widgets":"","ocean_shortcode_before_footer_bottom":"","ocean_shortcode_after_footer_bottom":"","ocean_display_top_bar":"default","ocean_display_header":"default","ocean_header_style":"","ocean_center_header_left_menu":"","ocean_custom_header_template":"","ocean_custom_logo":0,"ocean_custom_retina_logo":0,"ocean_custom_logo_max_width":0,"ocean_custom_logo_tablet_max_width":0,"ocean_custom_logo_mobile_max_width":0,"ocean_custom_logo_max_height":0,"ocean_custom_logo_tablet_max_height":0,"ocean_custom_logo_mobile_max_height":0,"ocean_header_custom_menu":"","ocean_menu_typo_font_family":"","ocean_menu_typo_font_subset":"","ocean_menu_typo_font_size":0,"ocean_menu_typo_font_size_tablet":0,"ocean_menu_typo_font_size_mobile":0,"ocean_menu_typo_font_size_unit":"px","ocean_menu_typo_font_weight":"","ocean_menu_typo_font_weight_tablet":"","ocean_menu_typo_font_weight_mobile":"","ocean_menu_typo_transform":"","ocean_menu_typo_transform_tablet":"","ocean_menu_typo_transform_mobile":"","ocean_menu_typo_line_height":0,"ocean_menu_typo_line_height_tablet":0,"ocean_menu_typo_line_height_mobile":0,"ocean_menu_typo_line_height_unit":"","ocean_menu_typo_spacing":0,"ocean_menu_typo_spacing_tablet":0,"ocean_menu_typo_spacing_mobile":0,"ocean_menu_typo_spacing_unit":"","ocean_menu_link_color":"","ocean_menu_link_color_hover":"","ocean_menu_link_color_active":"","ocean_menu_link_background":"","ocean_menu_link_hover_background":"","ocean_menu_link_active_background":"","ocean_menu_social_links_bg":"","ocean_menu_social_hover_links_bg":"","ocean_menu_social_links_color":"","ocean_menu_social_hover_links_color":"","ocean_disable_title":"on","ocean_disable_heading":"default","ocean_post_title":"","ocean_post_subheading":"","ocean_post_title_style":"","ocean_post_title_background_color":"","ocean_post_title_background":0,"ocean_post_title_bg_image_position":"","ocean_post_title_bg_image_attachment":"","ocean_post_title_bg_image_repeat":"","ocean_post_title_bg_image_size":"","ocean_post_title_height":0,"ocean_post_title_bg_overlay":0.5,"ocean_post_title_bg_overlay_color":"","ocean_disable_breadcrumbs":"default","ocean_breadcrumbs_color":"","ocean_breadcrumbs_separator_color":"","ocean_breadcrumbs_links_color":"","ocean_breadcrumbs_links_hover_color":"","ocean_display_footer_widgets":"off","ocean_display_footer_bottom":"off","ocean_custom_footer_template":"","footnotes":""},"class_list":["post-87","page","type-page","status-publish","hentry","entry"],"_links":{"self":[{"href":"https:\/\/soma.srv.br\/index.php\/wp-json\/wp\/v2\/pages\/87"}],"collection":[{"href":"https:\/\/soma.srv.br\/index.php\/wp-json\/wp\/v2\/pages"}],"about":[{"href":"https:\/\/soma.srv.br\/index.php\/wp-json\/wp\/v2\/types\/page"}],"author":[{"embeddable":true,"href":"https:\/\/soma.srv.br\/index.php\/wp-json\/wp\/v2\/users\/1"}],"replies":[{"embeddable":true,"href":"https:\/\/soma.srv.br\/index.php\/wp-json\/wp\/v2\/comments?post=87"}],"version-history":[{"count":19,"href":"https:\/\/soma.srv.br\/index.php\/wp-json\/wp\/v2\/pages\/87\/revisions"}],"predecessor-version":[{"id":278,"href":"https:\/\/soma.srv.br\/index.php\/wp-json\/wp\/v2\/pages\/87\/revisions\/278"}],"wp:attachment":[{"href":"https:\/\/soma.srv.br\/index.php\/wp-json\/wp\/v2\/media?parent=87"}],"curies":[{"name":"wp","href":"https:\/\/api.w.org\/{rel}","templated":true}]}}